 are the prime factors of -20*((-434)/h + 6/(-27))?
5
Let z = -6122 + 9355. What are the prime factors of z?
53, 61
Let b(p) be the third derivative of p**6/120 - p**5/15 - 5*p**4/24 + p**3/6 - 5*p**2. Let d be b(5). What are the prime factors of 1 - d*(-72)/3?
5
Suppose 0 = 4*w - 6*w. Suppose -4*f + 3*x - 69 = -22, w = f + 4*x + 7. Let p = f + 21. What are the prime factors of p?
2, 5
Let r(d) = -d**2 - 2*d + 8. Let o be r(-4). Suppose 0 = -2*x - 4*h, -2*h = 5*x + 3*h - 25. Suppose o = 7*s - x*s + 33. List the prime factors of s.
11
Suppose 0 = -3*d - 4*f + 429, 287 = -4*d + 6*d + 3*f. List the prime factors of (d/2)/((-4)/(-8)).
139
Suppose i - 5*v = 24, -4*i + 5*v + 21 + 45 = 0. Suppose -1427 + 517 = -i*u. List the prime factors of u.
5, 13
Suppose -10954 = -21*a + 12923. What are the prime factors of a?
3, 379
List the prime factors of 1324 - 6/5*5.
2, 659
Let q(l) = l + 304. What are the prime factors of q(-16)?
2, 3
Let x(w) = 21*w**2 - 24*w + 60. Let s(q) = -6*q**2 + 7*q - 17. Let f(d) = -18*s(d) - 5*x(d). Let l be f(6). Suppose j = -2*j + l. List the prime factors of j.
2, 13
Let v(c) = 5*c**2 + 3*c. Let s be v(6). Suppose -2*o + 90 + s = 0. Suppose -i - 2*i + o = 0. List the prime factors of i.
2, 3
Let y = 1494 + -910. List the prime factors of y.
2, 73
Suppose -20*l - 21*l = -53546. What are the prime factors of l?
2, 653
Let p be 2007/(-18) + 10/(-4). Let h = p + 301. What are the prime factors of h?
11, 17
Let c be 0 + -2*1 - -24. Let m = -79 - -72. Let p = c - m. What are the prime factors of p?
29
Suppose -3*z - 2*m + 16 = 2*z, -z - 3*m = 2. Suppose -32 = -0*d + z*d. Let u = d - -16. List the prime factors of u.
2
Let y = -2 - -7. Suppose 2*g - 6 = 0, -y*g = -5*z + z + 273. List the prime factors of z.
2, 3
Let m(u) = u**2 - u + 40. What are the prime factors of m(-13)?
2, 3, 37
Let v(y) = 120*y**2 + 10*y. What are the prime factors of v(2)?
2, 5
Let z = 49 + -1. Suppose 2*o - 6*o + z = 0. Suppose -2*s = -o - 6. List the prime factors of s.
3
Suppose 5*x = 6 - 16. Let l(r) = -3*r**3 + 4*r**2 + 2*r - 1. List the prime factors of l(x).
5, 7
Let p = 137 - 129. Suppose 0 = p*h - 556 - 1428. List the prime factors of h.
2, 31
Let v(m) = -12*m**2 + 6*m + 6. Let j be v(-5). List the prime factors of 2 + 0 + j/(-3) + 3.
113
Let i(h) = -2*h + 10. Let y be i(5). Suppose -5*l + 16 + 44 = y. List the prime factors of 26*(l/8)/3.
13
Suppose -4*d + 1 + 7 = 0. Suppose 3*g + 2 = d*g. Let c(q) = 4*q**2 + 2*q + 3. What are the prime factors of c(g)?
3, 5
Let d(m) = 2*m**2 - 27*m - 9. What are the prime factors of d(-16)?
5, 11, 17
What are the prime factors of (-10 - 6258/(-35))/((-2)/(-5))?
2, 211
Let d = 305 + -187. What are the prime factors of d?
2, 59
Let x(q) = q + 12. Let m be x(0). Let a be (m/(-18))/(1/(-3)). Suppose 51 = a*l - 29. List the prime factors of l.
2, 5
Let f(x) = 2*x**2 + 26*x + 4. Let j be f(-14). Let a = j + -32. Suppose 3*k - 216 = -a*k. What are the prime factors of k?
2, 3
Let p(q) be the first derivative of 17*q**2/2 - 3*q - 10. What are the prime factors of p(2)?
31
Suppose -3*m - 49*y = -44*y - 998, 3*y = -m + 338. What are the prime factors of m?
2, 163
List the prime factors of (-14795)/(-22)*8/5.
2, 269
Let a be (-6)/(-21) + (-104)/(-28). Suppose 2*b - 73 = 3*d, -2*d = -0*d - a*b + 38. Let f = -19 - d. What are the prime factors of f?
2
Let w be 0/((-1)/2 - (-5)/(-10)). Suppose -5*o - j + 271 = w, -2*j = 2*o + j - 98. List the prime factors of o.
5, 11
Let g be (-10)/(-4) + 12/8. Let i be g - 2/(-6)*-3. Suppose -6*h - 4*d = -2*h - 88, i*h + 4*d = 69. List the prime factors of h.
19
Let h(t) = 321*t**3 + 4*t**2 + 5*t. List the prime factors of h(2).
2, 1297
Let y = 1 - 5. Let a = y + -2. Let m = a - -20. What are the prime factors of m?
2, 7
Let p be (-3)/(-9) - (-16)/(-12). Let i be p/((-1263)/(-630) - 2). What are the prime factors of i/(-8) - (-2)/(-8)?
2, 13
Suppose -4*b + 2*t - 72 = 0, 5*b - 5*t = -75 - 15. Let s be (-4)/8*b + -3. Suppose -s = 5*q - 7*q. List the prime factors of q.
3
Let u(z) = 7*z - 2. Let i be u(3). Suppose -4*l - 129 = -501. Suppose h = -i + l. List the prime factors of h.
2, 37
Let c be (18/(-8))/(1/28). Let o = 43 + c. Let p = -13 - o. What are the prime factors of p?
7
List the prime factors of (-66)/99 - 4/(-6) - -255.
3, 5, 17
Let c be ((-4)/4 - -3)/((-2)/(-83)). Let q = 32 + -80. Let h = c + q. What are the prime factors of h?
5, 7
Let t(w) = -w**3 - 29*w**2 - 32*w + 59. List the prime factors of t(-28).
3, 19
Let t be 1084/(-28) - 8/28. Let c = -37 - t. Suppose 51 - c = v. What are the prime factors of v?
7
Suppose -5 = -3*y + 10, -4*l - 3*y = 7469. What are the prime factors of 2/(-7) - l/7?
3, 89
Let j be (9/6)/((-15)/(-20)). Suppose a + 2 = -3*b, -j*a = -7*a + 3*b + 26. List the prime factors of (204/8)/3*a.
2, 17
Suppose 2*v + 4264 = c, 12*c - 21320 = 7*c - 5*v. What are the prime factors of c?
2, 13, 41
List the prime factors of 16/(-24) + 5/(-6)*-428.
2, 89
Let d = 58 - 47. Let t(g) = 9*g - 16. What are the prime factors of t(d)?
83
Let k be (3 - 1)/((-6)/(-9)). Let h be 0/(k/(6/4)). Suppose h = -5*a + 4*p + 30, 36 + 4 = 3*a + 2*p. List the prime factors of a.
2, 5
List the prime factors of (55/33)/(5/6375).
5, 17
Suppose -10 = -5*w + 25. Suppose w*q - 320 = 2*q. Suppose 3*g + g - q = 0. What are the prime factors of g?
2
Suppose -3*g = 5*l - 31, g = -g + 5*l - 21. Let o(m) = 40*m**2 + 2*m - 4. What are the prime factors of o(g)?
2, 5
Suppose -4*x - 88 = 16. Let p = x + 27. Let s = 58 + p. What are the prime factors of s?
59
Let f(a) = -278*a**3 - 3*a**2 - 4*a - 1. What are the prime factors of f(-1)?
2, 139
What are the prime factors of (-30)/40 - (-6012)/16?
3, 5
Suppose -14*t = -15*t + 8. Suppose -b = 3 + t. Let m(g) = -g + 26. What are the prime factors of m(b)?
37
Suppose 3439 = 6*x + 19. List the prime factors of x.
2, 3, 5, 19
What are the prime factors of -188*(12/24)/(2/(-10))?
2, 5, 47
Suppose 0 = 4*v - 4*u - 836, -v + 7*u = 4*u - 199. Suppose -4*g = -c - c - v, -g - 3*c + 71 = 0. What are the prime factors of g?
2, 7
Suppose -2*n - 27 = -253. Suppose 0 = -x - 38 + n. What are the prime factors of x?
3, 5
Let b(c) = c**3 - 2*c**2. Let g(w) = -2*w + 6. Let r be g(6). Let o(a) = a**2 + 5*a - 3. Let f be o(r). What are the prime factors of b(f)?
3
Let f(l) = -13*l**3 - 7*l - 2. What are the prime factors of f(-5)?
2, 829
Let c = 3 + -1. Let v = 5 - c. Suppose 61 = v*b - 23. What are the prime factors of b?
2, 7
Let l = 19 + -12. Suppose -l*k = -2*k - 30. Suppose -136 = -k*n - 34. What are the prime factors of n?
17
Suppose -5*n - h = -399 + 5, -4*n + h + 317 = 0. What are the prime factors of n?
79
Suppose -83*a = -80*a - 3012. What are the prime factors of a?
2, 251
Let p(h) = 12*h**2 - 25. List the prime factors of p(-7).
563
Suppose 103 = -5*x - 167. What are the prime factors of x/(-8) + (-4)/(-16)?
7
Suppose -2*q - 4*z - 512 = -0*q, 0 = 3*q + 4*z + 768. Let b = q - -364. List the prime factors of (6/(-18))/((-3)/b).
2, 3
Suppose -4*c = -8 - 0. Suppose -4 = -c*h + 2. What are the prime factors of h*(0 + 27/3)?
3
Suppose 7*q = 10*q - 111. Suppose -17*x + 99 = -26*x. Let d = q - x. List the prime factors of d.
2, 3
Let l(w) = w**3 - 5*w**2 - 7*w - 3. Let b be l(8). Let n = b - 95. What are the prime factors of n?
2, 19
Suppose -8*z + 44 = -4*z. Suppose z*q - 517 = 1166. List the prime factors of q.
3, 17
Suppose -23*p = -32505 + 3870. What are the prime factors of p?
3, 5, 83
Let j = 1100 - 1615. Let p = -278 - j. What are the prime factors of p?
3, 79
Suppose 2*i + 8*l = 6*l + 588, -4*i = -4*l - 1192. List the prime factors of i.
2, 37
What are the prime factors of 184*(434/120 - 2/(-15))?
2, 3, 5, 23
Suppose 2*n - 3*y - 2 = -7*y, -4*n + y + 49 = 0. Suppose 0 = n*f - 2922 + 623. What are the prime factors of f?
11, 19
Let j be (-12 - -4)*3/(-6). Suppose 0 = -j*o + g + 4*g + 304, -5*o + 5*g + 375 = 0. List the prime factors of o.
71
Let m(y) = y**3 + 22*y**2 + 23*y + 17. Let c be m(-21). List the prime factors of (-732)/(-5) - ((-135)/c - 5).
2, 73
Suppose 0 = -2*f + 5*u + 954, 4*f + 3*u = 628 + 1306. What are the prime factors of f?
2, 241
Suppose s - 4*v = 142, 3*s + 5*v = -0*s + 358. What are the prime factors of s?
2, 3, 7
Let j(p) = -6*p + 8 + p**2 + 10*p - 